{"id":1594,"date":"2015-02-26T17:51:53","date_gmt":"2015-02-26T17:51:53","guid":{"rendered":"http:\/\/www.eden-training.ch\/team\/?lang=en"},"modified":"2017-02-19T15:25:42","modified_gmt":"2017-02-19T15:25:42","slug":"team","status":"publish","type":"page","link":"https:\/\/www.eden-persoenlichkeit.de\/en\/team\/","title":{"rendered":"Team"},"content":{"rendered":"<ul>\n<li>Lernen Sie Ihre individuellen Potenziale bewusst einzusetzen<\/li>\n<li>Erkennen Sie Ihre Vision, Zwischenziele und Strategien<\/li>\n<li>Entwickeln Sie Teamspirit und eine gesunde Konfliktkultur<\/li>\n<\/ul>\n<h3>Sie wollen Ihr Team auf eine Vision Fokussieren und die Konfliktkultur oder Kommunikation verbessern?<\/h3>\n<p>Erfolg, Produktivit\u00e4t und Zufriedenheit von Mitarbeitern sind stark abh\u00e4ngig davon, inwieweit die Teamarbeit in einem Unternehmen gelingt. Wir unterst\u00fctzen Teams Ihre Vision zu entdecken, zu erleben und zu entwickeln. Die Entwicklung nachhaltiger Strategien oder sozialer Kompetenzen geh\u00f6ren genauso zu unserem Portfolio wie Change-Management oder Konfliktbearbeitung. Um den vielseitigen Bed\u00fcrfnissen von Teams gerecht zu werden bieten wir vielf\u00e4ltige Seminarm\u00f6glichkeiten zur Entwicklung an.<\/p>\n","protected":false},"excerpt":{"rendered":"Lernen Sie Ihre individuellen Potenziale bewusst einzusetzen Erkennen Sie Ihre Vision, Zwischenziele und Strategien Entwickeln Sie Teamspirit und eine gesunde Konfliktkultur Sie wollen Ihr Team auf eine Vision Fokussieren und die Konfliktkultur oder Kommunikation verbessern? Erfolg, Produktivit\u00e4t und Zufriedenheit von Mitarbeitern sind stark abh\u00e4ngig davon, inwieweit die Teamarbeit in einem Unternehmen gelingt. Wir unterst\u00fctzen Teams&#8230; <a class=\"view-article\" href=\"https:\/\/www.eden-persoenlichkeit.de\/en\/team\/\">View Article<\/a>","protected":false},"author":1,"featured_media":0,"parent":0,"menu_order":1,"comment_status":"open","ping_status":"open","template":"template-bereich-team.php","meta":{"_links_to":"","_links_to_target":""},"_links":{"self":[{"href":"https:\/\/www.eden-persoenlichkeit.de\/en\/wp-json\/wp\/v2\/pages\/1594"}],"collection":[{"href":"https:\/\/www.eden-persoenlichkeit.de\/en\/wp-json\/wp\/v2\/pages"}],"about":[{"href":"https:\/\/www.eden-persoenlichkeit.de\/en\/wp-json\/wp\/v2\/types\/page"}],"author":[{"embeddable":true,"href":"https:\/\/www.eden-persoenlichkeit.de\/en\/wp-json\/wp\/v2\/users\/1"}],"replies":[{"embeddable":true,"href":"https:\/\/www.eden-persoenlichkeit.de\/en\/wp-json\/wp\/v2\/comments?post=1594"}],"version-history":[{"count":6,"href":"https:\/\/www.eden-persoenlichkeit.de\/en\/wp-json\/wp\/v2\/pages\/1594\/revisions"}],"predecessor-version":[{"id":2233,"href":"https:\/\/www.eden-persoenlichkeit.de\/en\/wp-json\/wp\/v2\/pages\/1594\/revisions\/2233"}],"wp:attachment":[{"href":"https:\/\/www.eden-persoenlichkeit.de\/en\/wp-json\/wp\/v2\/media?parent=1594"}],"curies":[{"name":"wp","href":"https:\/\/api.w.org\/{rel}","templated":true}]}}

<ul>
<li>Lernen Sie Ihre individuellen Potenziale bewusst einzusetzen</li>
<li>Erkennen Sie Ihre Vision, Zwischenziele und Strategien</li>
<li>Entwickeln Sie Teamspirit und eine gesunde Konfliktkultur</li>
</ul>
<h3>Sie wollen Ihr Team auf eine Vision Fokussieren und die Konfliktkultur oder Kommunikation verbessern?</h3>
<p>Erfolg, Produktivität und Zufriedenheit von Mitarbeitern sind stark abhängig davon, inwieweit die Teamarbeit in einem Unternehmen gelingt. Wir unterstützen Teams Ihre Vision zu entdecken, zu erleben und zu entwickeln. Die Entwicklung nachhaltiger Strategien oder sozialer Kompetenzen gehören genauso zu unserem Portfolio wie Change-Management oder Konfliktbearbeitung. Um den vielseitigen Bedürfnissen von Teams gerecht zu werden bieten wir vielfältige Seminarmöglichkeiten zur Entwicklung an.</p>

Lernen Sie Ihre individuellen Potenziale bewusst einzusetzen Erkennen Sie Ihre Vision, Zwischenziele und Strategien Entwickeln Sie Teamspirit und eine gesunde Konfliktkultur Sie wollen Ihr Team auf eine Vision Fokussieren und die Konfliktkultur oder Kommunikation verbessern? Erfolg, Produktivität und Zufriedenheit von Mitarbeitern sind stark abhängig davon, inwieweit die Teamarbeit in einem Unternehmen gelingt. Wir unterstützen Teams&#8230; <a class="view-article" href="https://www.eden-persoenlichkeit.de/en/team/">View Article</a>
